t) = -2*t - 7. Let w be i(-5). Let m(j) = -j**3 + 2*j**2 + 3*j - 3. Let r be m(w). Let v(l) = 2*l**3 - l**2 + 4*l**2 - 2*l - l**3 - 1. Calculate v(r).
5
Let m(j) = j - 3. Suppose 2*l + 57 = -2*l + k, -k + 5 = 0. Let f = l - -10. Let q be (f/6)/((-1)/(-10)). Determine m(q).
-8
Let l(m) = -1 - 4*m**2 + m**3 - 2*m**2 + 0*m**2 + 5*m. Let i = -143 + 148. Give l(i).
-1
Let i = -1 + -1. Let f(u) = -6 - 2*u + 3 + 4. Determine f(i).
5
Let v(d) = 4*d + 7. Let m(h) = -2*h - 4. Let y(b) = 5*m(b) + 3*v(b). Determine y(-4).
-7
Suppose -2*b = 3*v + 1, 0 = 3*b + 4*v - v. Let q(s) = 5*s**2 + s. Determine q(b).
6
Let u be 2 - (-20 - -2) - 3. Suppose -u - 15 = -4*p - 4*k, 4*k = p - 23. Let h(w) = -p*w + 1 + 14*w - 1. What is h(-1)?
-3
Suppose 7*i + 23 = j + 2*i, -4*j - 4*i = -20. Let z(v) = -v - j*v**2 - 3 + 0 + 2. Let a be (-1 - -2 - 2)/1. Give z(a).
-8
Let o(v) = -v**3 + 6*v**2 - 6*v + 4. Let d be o(5). Let n(b) = -1 + 4*b**2 - b - 3*b**2 + 4*b**2. Give n(d).
5
Let j(y) be the third derivative of y**5/60 + y**4/12 + y**3/3 + y**2. Let m(b) be the first derivative of j(b). Suppose -2*z = 2 + 4. Determine m(z).
-4
Let t = 2/21 + 1/14. Let x(b) be the second derivative of 4*b + 0*b**2 + 0 + 1/12*b**4 + t*b**3. Calculate x(2).
6
Let d(w) = -3*w - 4. Suppose 0 = 9*b - 11*b - 10. What is d(b)?
11
Let k be (-18)/30 - 28/(-5). Suppose 0 = 3*s - 10 - k. Let a(c) = c**2 - 3*c - 3. What is a(s)?
7
Let u(o) = -o**2 + 7*o + 1. Let h be (16/10)/((-1)/(-10)). Let f = 21 - h. What is u(f)?
11
Let q(x) be the first derivative of x**4/4 - 7*x**3/3 + 5*x**2/2 + 6*x + 10. Determine q(6).
0
Let o = 4 - -1. Let s(j) = -2*j**3 - 9*j**2 + 2*j + 7. Let k(p) = 5*p**3 + 26*p**2 - 7*p - 20. Let v = -3 + 11. Let n(q) = v*s(q) + 3*k(q). What is n(o)?
-4
Let t = 9 + -6. Let f(u) = -3 + 0 - t*u + 0 + 2*u. Give f(-4).
1
Let l(q) = q + 6. Let c be 4*6/8 + -9. Determine l(c).
0
Let b be (-12)/(2 - -1) + 1. Let g be -1 + b*(-6)/(-9). Let d(p) = -p**3 - p**2 + 3*p - 4. Give d(g).
5
Let s(i) = -i**3 - 7*i**2 - 9*i + 2. Let a be s(-5). Let y(u) = -2*u**2 - 3*u + 1. Calculate y(a).
-8
Let y(t) be the second derivative of -t**4/12 + 2*t**3/3 + t**2/2 - 2*t. Let r be y(5). Let f(u) = 6*u - 4*u - 3*u. Calculate f(r).
4
Let m(s) = -s**2 - 3*s - 1. Let c(k) = -4*k + 2. Let z be c(1). Determine m(z).
1
Let s(u) be the second derivative of -u**3/6 - 2*u**2 - 16*u. What is s(-5)?
1
Let v(h) be the first derivative of -h**3/6 + h - 2. Let d(g) be the first derivative of v(g). Let x be -5*24/(-100)*-5. Give d(x).
6
Let h(b) = b**2 + 6*b + 3. Let j(k) = k + 4. Let c be j(-7). Let t be c + 2*6/(-4). Calculate h(t).
3
Let w(g) = 9*g**2 - 8*g - 13. Let u(m) = 5*m**2 - 4*m - 7. Let a(j) = 7*u(j) - 4*w(j). Determine a(5).
-2
Let q = -1 + 3. Let d(f) = 6*f**q + f - 7*f - 3 - 7*f**2. Let l be 8/6*(-5 + 2). Give d(l).
5
Let j be (-3 + 8/4)*-5. Let y(h) = 3*h. Determine y(j).
15
Let i(b) be the third derivative of -b**6/120 + b**5/30 - b**4/6 + b**3/2 + b**2. Let v be i(2). Let k(z) = z**3 + 5*z**2 - z - 3. Calculate k(v).
2
Let b = -8 + 2. Suppose -5*g + 15 = -5*q, 2*g + 3*q + q - 24 = 0. Let s = b + g. Let d(o) = -o**3 - o**2 - o + 2. What is d(s)?
2
Let u(w) be the second derivative of w**4/12 - 2*w**3/3 + w. Let r be ((-12)/(-15))/((-4)/(-50)). Suppose -8 = -3*v + 2*n, 0 = 2*v + n - r - 0. What is u(v)?
0
Let f(o) = 4*o - 1. Let k(p) = p + 1. Let q be k(-4). Give f(q).
-13
Let n(m) be the second derivative of m**8/6720 + m**6/720 + m**5/60 + m**4/12 - m. Let w(u) be the third derivative of n(u). Suppose 7*j = j. What is w(j)?
2
Let h(p) = -p**2 - 6*p + 4. Let w(v) = -6*v**3 + 2*v**2 - 2*v + 1. Let b(j) = j - 11. Let o be b(11). Suppose -4*i = -o*i - 4. Let r be w(i). Determine h(r).
9
Let f(c) = -13*c**2 - 7*c + 5. Let u(o) = 14*o**2 + 8*o - 6. Let b(i) = 7*f(i) + 6*u(i). Determine b(-1).
-7
Let b(u) be the first derivative of -u**4/4 - 2*u**3 - u**2 - 8*u - 37. What is b(-6)?
4
Let c(q) = 4*q**3 - q**2 - 5*q - 6. Let v(k) = k**3 - k**2 - k - 1. Let n(z) = c(z) - 3*v(z). Let s(i) = i. Let u be s(-3). Determine n(u).
-6
Let j(s) = s + 4. Let p(w) = -w + 1. Let o(f) = -j(f) + 5*p(f). What is o(2)?
-11
Let c(t) = t**2 + 6*t - 7. Suppose u = -u + 5*a - 27, -5*u - 5*a = 15. What is c(u)?
-7
Suppose j = 3*j. Let c be 2 + -5 + 3 - j. Let y(z) = z + 7. Determine y(c).
7
Let v be 2/9 + (-290)/90. Let n(p) = p**3 + p**2 - 5*p - 3. Give n(v).
-6
Let n(l) = l**2 - 9. Let w(j) = -3*j**2 - j + 26. Let a(f) = 17*n(f) + 6*w(f). What is a(-5)?
8
Let r(m) = -m**2 + 6*m - 6. Let o be r(4). Let l(d) = -d - 1. Let k(s) = 6*s + 2 - 1 - 7*s. Let c(y) = o*l(y) - k(y). Determine c(-4).
1
Suppose 2*f - 2*v = -6*v - 12, -2*f - 2*v - 4 = 0. Let r be (-6)/(3/(-3)*f). Let b(u) = 1 - 2*u**2 + u**3 - r*u + 5*u**2 - 4. Calculate b(-4).
-7
Let d(m) be the first derivative of 2 + 3*m**2 + 1/3*m**3 - 5*m. Calculate d(-5).
-10
Suppose 40*b = 41*b + 5. Let l(o) = -2*o**3 + 4*o**2 - 4*o + 7. Let p(u) = -3*u**3 + 8*u**2 - 8*u + 14. Let d(g) = 5*l(g) - 3*p(g). Calculate d(b).
-2
Suppose -5*i - 8 = -28. Suppose -2 = -p + i. Suppose 0 = -2*f - 0 - p. Let s(h) = h**3 + 4*h**2 + 4*h + 4. Give s(f).
1
Let t(k) be the second derivative of k**3/6 + k**2 + 2*k. Suppose 6*j + 17 + 25 = 0. What is t(j)?
-5
Let c(i) = -i**2 + 2*i - 4. Let x(p) = -p**3 + 3*p**2 + 4*p + 3. Let l be x(4). Calculate c(l).
-7
Let j(g) = -g - 4. Let y be -2*3/6 - 5. Let c be j(y). Let p(q) = -q - 2*q + c*q + 3. Determine p(4).
-1
Let x(p) = 2*p**2 + p - 3 - p**2 + 0*p**2. Calculate x(0).
-3
Suppose 4*g = 2*z + 4, 4*z - 6*z = 4. Suppose g*k = -2*k + 8. Let w(y) be the first derivative of y**2/2 - y - 1. Determine w(k).
3
Suppose -4*x + 4 = 20. Let i = x + 8. Let h(w) = -i*w**2 + 2*w**3 - 5*w**3 - 4 + 4*w**3 + w. Calculate h(4).
0
Let x(i) = i + 2. Let m(z) = -1. Let a(l) = 2*m(l) - x(l). Suppose 6*f = -5*v + 3*f + 58, -4*v = -5*f - 76. Let p = v - 17. Give a(p).
-1
Suppose -t - 1 - 13 = -4*s, 3*s - 11 = t. Let c(v) = 6*v + s*v - 8*v - 4. What is c(5)?
1
Let l(s) = 7*s - 1. Suppose 3*f - 3 = -0*f. Give l(f).
6
Let w(t) = -t**3 - 7*t**2 - 6*t - 9. Let i(s) = -s**3 + s - 6. Suppose 0 = 4*y + y. Let l be i(y). Calculate w(l).
-9
Let j(l) = -17*l**2 - 23*l + 21. Let w(f) = -8*f**2 - 11*f + 10. Let z = 9 - 1. Let x = -5 - z. Let o(i) = x*w(i) + 6*j(i). Calculate o(-4).
8
Let t(p) = -p**2 + 0*p - 2*p + 3*p + 7. Let c be (-28)/(-16) + 1/4. Suppose -2*k = c*k. Calculate t(k).
7
Suppose 2*u + 8 = -p, 2*p - 5*u = 5*p + 22. Let o(m) = m**2 + 1. Let n(w) = -w**3 + 2*w**2 + 4*w + 1. Let s(h) = -n(h) + 5*o(h). Calculate s(p).
4
Let d = -140 - -228. Let f(c) = -88 + c + d. What is f(5)?
5
Let y(f) = -2 - 8*f + 8 + 5*f + 4*f. What is y(-6)?
0
Let r(t) = -3*t**2 - 2*t + 2. Let v(k) = 6*k**2 + 0*k**3 - k + 0*k**3 + 6 - 14*k**2 + k**3. Let n be v(8). What is r(n)?
-6
Let f = -3 - -4. Let b(l) = 4*l + 1. Let k be b(f). Let q(n) = -n**3 + 0*n**2 - 2*n + 3 + 6*n**2 - 3*n. What is q(k)?
3
Let x(z) = -z + 1. Let g be x(-1). Let o(u) = -3*u**2 - u**2 - 2 + 4*u + 0*u - u**3 + g*u**3. Suppose -4*p - 2 = -3*n, n - 7 = -3*n + p. What is o(n)?
-2
Let p(t) = -3*t - 5 - 3*t - 4*t**2 + 3*t**2. Let z(h) = -5*h + 15. Let m be z(4). Calculate p(m).
0
Let c(v) be the third derivative of -v**6/120 - 7*v**5/30 - 7*v**4/12 - 13*v**3/6 - 69*v**2. Give c(-13).
0
Let z(h) = -2*h**3 + 6*h**2 - 5*h + 2. Let b(x) = x**3 - 5*x**2 + 4*x - 1. Let f(v) = -3*b(v) - 2*z(v). Let a = -76 + 73. Give f(a).
5
Let r be 7/21 + 46/6. Let h(p) = p**2 - 5*p + 5. Calculate h(r).
29
Let v(a) = 5*a**2 - 2*a**3 + 6*a - 4*a**3 + 5*a**3 - 12 + 6. Give v(6).
-6
Suppose 9*j = 11*j + 16. Let r(h) = h**3 + 9*h**2 + 9*h + 3. What is r(j)?
-5
Let x = -69 - -75. Let d(l) = -l**3 + 7*l**2 - 7*l + 3. What is d(x)?
-3
Let b(h) = 3*h**2 + 5*h - 13. Let l(j) = j**2 + 3*j - 6. Let w(y) = -2*b(y) + 5*l(y). Give w(3).
2
Suppose 2*s + 10 - 31 = -3*i, -3*s = 3*i - 27. Let d be 6 + (-8)/12*s. Let h(f) be the second derivative of -f**4/6 + f**3/2 - f**2 - f. Determine h(d).
-4
Let m be (4 + -5)/(1 + 0). Let q be -1 + 3 + -2 + m. Let p(d) = -d**3 - d**2. Calculate p(q).
0
Suppose -10 = -2*g, 6*u - 3*u = -g + 11. Let w(s) be the second derivative of -s**5/20 + s**4/12 + 2*s**3/3 - 3*s**2/2 + s. Give w(u).
1
Let f(x) be the third derivative of x**4/24 - 2*x**3/3 + 2*x**2. G